of k and i?
4
Let t(v) = -v**3 + 7*v**3 - 3*v**3. Let m be t(1). What is the greatest common factor of 9 and m?
3
Suppose 0 = -j + 5*t + 130, j - 2*t - 136 = -0*j. Suppose 7*m = 2*m + j. Calculate the greatest common factor of m and 84.
28
Suppose -139*n - 252 = -145*n. Calculate the highest common factor of 63 and n.
21
Let n be 19/(((-1)/(-3))/(1/3)). Calculate the greatest common factor of n and 38.
19
Suppose f + 4*f - 25 = 0, -4*f - 208 = -2*v. Suppose s - 4*j = 3*s - v, -3*j + 57 = s. Calculate the highest common factor of 19 and s.
19
Let n(x) = x**3 + 7*x**2 - 3*x - 9. Let q be n(-6). Let c = q - 23. Calculate the greatest common factor of 22 and c.
22
Let a(s) = -s**2 - 6*s + 2. Let o be a(-6). Let j(z) = 4*z - 6. Let k be j(6). What is the highest common factor of k and o?
2
Suppose -8*l + 9*l - 6 = 0. Suppose 2*w + 2*w - 168 = 0. What is the highest common divisor of w and l?
6
Suppose 3*n + n = 12. Let t(f) = f**2 + n*f + 0 - 2 + f. Let u be t(3). Calculate the greatest common factor of 133 and u.
19
Let z = 9 - 3. Suppose -2*l + 36 = -96. What is the greatest common factor of z and l?
6
Suppose -3*y = 3*j + 3, 0 = -4*j - 0*j - 3*y + 1. Suppose -5*u = -u - 176. Calculate the greatest common divisor of j and u.
4
Suppose 5*l - 40 = -4*y, -5*y + 3*l + 18 = -32. Let n be (-2)/4 - (-42)/4. What is the greatest common factor of n and y?
10
Let x = 126 + -91. What is the highest common factor of 7 and x?
7
Let m be (-4)/(-16) - (-227)/4. Calculate the greatest common factor of m and 38.
19
Let f = 4 + -2. Suppose -z - f*z + 302 = -2*l, 5*l = 3*z - 305. Calculate the greatest common divisor of 10 and z.
10
Suppose 4*b + 3*w - 46 - 49 = 0, -2*b = -5*w - 67. What is the highest common factor of 39 and b?
13
Suppose 4*n = -6 + 10. Let o be n/(-2)*-2 + 29. Calculate the highest common factor of o and 20.
10
Suppose 0 = a - 4 - 8. Calculate the highest common factor of 4 and a.
4
Suppose 210 = -5*d + 590. Suppose 0*s - 6*s = -2394. Suppose 0 = 5*q - s - d. What is the greatest common factor of q and 19?
19
Let l be 54/4 + (-1)/2. Calculate the greatest common factor of l and 13.
13
Let t = -2 - -3. Suppose -t = 3*l + 5*r - 36, -r - 39 = -4*l. Calculate the highest common factor of l and 80.
10
Suppose 0 = 3*k - 13 - 17. Let w(q) = -q + 16. Let g be w(12). Let l = 6 - g. Calculate the highest common factor of k and l.
2
Suppose -5*v + 2 = 3*n - 344, 0 = n + 4*v - 113. Calculate the greatest common factor of n and 13.
13
Suppose 182 = 4*v - 42. Let g = -112 + 174. Suppose 2*x - 43 = -5*j, -4*x - 4*j + 2*j = -g. Calculate the highest common divisor of v and x.
14
Let g(c) = 6*c + 20. Let q be g(12). What is the greatest common divisor of 23 and q?
23
Let r = 286 + -104. Suppose -4*q + 5*q + 5*i - r = 0, 2*i = 3*q - 546. Suppose 0 = -5*x + q + 258. What is the highest common factor of x and 11?
11
Suppose 0*w - 4*w = -8. Suppose -3*u + w*u + 22 = 0. Calculate the highest common divisor of 11 and u.
11
Let x(f) = f**2 - 2*f + 3. Let t be x(5). Let v(q) = 161*q + 1. Suppose 4*s = 5*s - 1. Let w be v(s). Calculate the greatest common divisor of w and t.
18
Let i be (-2)/8 - 98/(-8). Suppose 0 = -a - 0*a + 45. Let c = a - 21. Calculate the highest common factor of c and i.
12
Suppose 3*a + 5*d + 35 = -0*a, 0 = -5*a - 4*d - 80. Let v be (a/(-2))/((-3)/(-6)). Calculate the greatest common factor of 8 and v.
4
Suppose -3*x + 230 = 5*m - 0*x, 2*m + x - 93 = 0. Let f be 8 + 1 + (-4 - -2). Calculate the greatest common factor of m and f.
7
Let p be (-24)/(-10)*(-10)/2. Let x(n) = -n**3 - 11*n**2 + 12*n + 2. Let v be x(p). Let t = 5 + -3. Calculate the greatest common divisor of v and t.
2
Suppose 26 = -2*z + 234. Suppose -2*g = -2*q + 22, -q + 3*q - g = 24. What is the highest common factor of q and z?
13
Let i(m) = m**2 + 7*m - 5. Let v be i(-7). Let r be -1*1*(v - 2). What is the highest common divisor of 28 and r?
7
Let f = 9 - 19. Let l be (12/(-10))/(4/f). Suppose 0*x + 33 = 4*z - x, 0 = -l*z + 5*x + 46. What is the highest common factor of z and 1?
1
Let a(w) = 2*w**2 - 4. Let v(x) = -5*x**2 + 7 - 2*x + x - x**3 + 3*x. Let u be v(-5). Let d be a(u). Calculate the greatest common divisor of d and 14.
14
Let g = -6 + 9. What is the highest common divisor of 27 and g?
3
Let g(n) = n + 16. Let t(f) = -f**3 + 7*f**2 - 5*f - 6. Let w be t(6). Let d be g(w). What is the highest common divisor of d and 40?
8
Let u = -35 + 62. Let l(g) = -g + 81. Let k be l(0). Calculate the greatest common divisor of u and k.
27
Suppose -3*r - 17 + 62 = 3*m, -4*m - 16 = 0. What is the greatest common divisor of 152 and r?
19
Let f(o) = 2*o**2 - 21*o - 15. Let t be f(12). Let s = 8 + 55. Calculate the highest common factor of t and s.
21
Let b be 3/(4*(-2)/(-8)). Suppose 2*p + 0 - 11 = 5*c, 1 = -c. Suppose 3*u = 5*f - 10*f + 52, p*u = -f + 68. What is the greatest common factor of u and b?
3
Let v = 24 + -19. Let b(d) = 17*d + 13. Let g(h) = -9*h - 7. Let t(u) = 6*b(u) + 11*g(u). Let x be t(8). Calculate the highest common factor of x and v.
5
Suppose -11 = -3*j - 2*g, -j + 2*g + 4 = j. Let f(y) = 4*y - 2. Let h be f(j). Calculate the greatest common divisor of h and 20.
10
Let j(r) = 4*r - 24. Let f be j(14). Calculate the greatest common factor of 4 and f.
4
Suppose 4*d - 11 - 5 = 0. Suppose 4*g - 2*b - 22 = 0, 8*g - 8 = 3*g - 4*b. Calculate the greatest common divisor of d and g.
4
Suppose 3*t + 0*p = 4*p + 56, 3*p - 103 = -5*t. What is the greatest common factor of t and 140?
20
Let c be 60/27 + (-2)/9. Suppose 5*s - 189 = c*s. Let l = s + -18. Calculate the highest common divisor of 30 and l.
15
Let f(w) = -w + 9. Let m be f(5). Let k(t) = 4*t + 2*t - m + 2. Let b be k(4). What is the highest common factor of b and 33?
11
Let g(u) = -u**3 + 9*u**2 + 25*u - 14. Let l be g(10). Calculate the greatest common factor of l and 34.
34
Suppose -2*h + 85 + 75 = 0. Let f(l) = l**2 - 4*l - 1. Let g be f(-3). Calculate the highest common divisor of g and h.
20
Suppose -112 + 12 = -4*b + 3*u, -u = 5*b - 125. Let g = 72 - -203. What is the greatest common divisor of g and b?
25
Let p = 4 + -2. Suppose p*i = 3*d - 40, -i = 2*d - 47 + 11. Let h be -2 - 11/(-1) - 1. Calculate the greatest common factor of h and d.
8
Let y(o) = 6*o - 34. Let h be y(8). What is the highest common divisor of h and 7?
7
Let p(n) = 22*n - 84. Let c be p(7). Calculate the highest common factor of 175 and c.
35
Let d(a) = 2*a + 24. Let k be d(-2). What is the highest common divisor of 50 and k?
10
Suppose 5*d = -5*g + 40, 3*d - 4*g = 2*d + 28. Let b = 40 - 16. What is the highest common divisor of b and d?
12
Let o = -6 + 10. Suppose 0*u - o*u = -8. Let p be ((-9)/u)/((-9)/48). What is the greatest common factor of 60 and p?
12
Let y = 113 - 14. What is the greatest common divisor of y and 33?
33
Suppose -19 = -4*k - 3*p + 12, 5*k + 5*p = 45. Let z(n) = 3*n**2 + n + 2. Let d = 0 + 3. Let u be z(d). Calculate the highest common divisor of k and u.
4
Let j = 53 + -19. Let p be ((-2)/(-1) - 0) + j. Calculate the greatest common factor of p and 90.
18
Let u = -1 + 1. Suppose 2*b = 4*b - 2*l - 12, l + 4 = u. Suppose -604 = -5*a - q, b*a + 4*q - 248 = 8. What is the highest common divisor of a and 15?
15
Let i(g) = -3*g. Let t be i(-21). Let k(m) = -3*m + 3. Let c be k(-6). What is the greatest common factor of t and c?
21
Let z = 136 - 51. Suppose -50 - z = -5*g. What is the highest common divisor of 18 and g?
9
Suppose -5*x - 10*x + 1200 = 0. What is the greatest common divisor of 20 and x?
20
Let f = 1 + 2. Let g be f/2*(-16)/(-12). Suppose 0*b + g = 2*b. Calculate the highest common divisor of 10 and b.
1
Suppose 0 = -2*o + 6, -3*o = -3*k + 37 + 38. What is the greatest common divisor of 14 and k?
14
Suppose -183 = -w - 139. Calculate the greatest common factor of w and 11.
11
Let l be (22/(-4) - -2)*(-2 + 0). Suppose -2*d + 7 = -z + 2, 7 = d - 2*z. Let w be (-17 + d)*7/(-4). Calculate the greatest common factor of l and w.
7
Let a = 46 - 24. What is the greatest common factor of a and 55?
11
Let a be -2 - -1*(-2 - -7). Suppose -a*o - 18 = -7*o + 2*y, -3*o - 3*y = -18. What is the highest common factor of 20 and o?
5
Let p = 254 - 166. What is the highest common divisor of p and 11?
11
Suppose -4 + 7 = -s, a 